ommon divisor of o and y.
29
Suppose 507 = r + 89. What is the highest common factor of 114 and r?
38
Let y(u) = 599*u + 2400. Let d be y(-4). Let a(c) = -2*c + 3. Let t be a(-6). Let s = t + -11. Calculate the greatest common factor of d and s.
4
Suppose -3*s = -4*s - 4*g - 12, 0 = -2*g - 6. Let k be ((-270)/(-3))/(s + 1). Let i = -55 + k. Calculate the greatest common factor of i and 5.
5
Suppose 5*c = 5*j - 5, -3*j + 1 = c - 2*j. Suppose -2*s - s + 15 = c. Suppose -s*f = -199 - 121. What is the greatest common factor of 8 and f?
8
Let c(k) = k**3 + 2*k**2 + 3. Let t = 8 + -4. Let g be c(t). Calculate the highest common divisor of 11 and g.
11
Suppose -2*w + 2*r = -12, -2*r - 2*r + 3 = -w. Let f be (-4)/6 + 16/6. Suppose -x + f*x = 3. Calculate the greatest common divisor of w and x.
3
Let w(o) = 2*o**2 + o. Let d be w(-1). Suppose 9 - d = 2*r. Calculate the greatest common factor of 32 and r.
4
Let q = 6 - 4. Suppose -y + 4*t = -38, 0 = -30*y + 28*y + 2*t + 40. Calculate the highest common divisor of q and y.
2
Let c(y) = y - 15. Let j be c(9). Let n be (6 + -1 + 3)*(-21)/j. What is the greatest common divisor of 28 and n?
28
Let v(r) = 2*r**2 - 3*r - 21. Let m be v(5). Suppose -274 = -g + m. Calculate the highest common divisor of g and 36.
36
Let x be 8*-1*(-6)/(-8). Let f be ((-160)/(-30))/((-7)/(84/(-8))). Let j = f + x. Calculate the greatest common divisor of j and 2.
2
Suppose -3*r - 3*v - 2 = v, -44 = -4*r + 4*v. Suppose 0 = r*w - 36 - 12. What is the greatest common factor of w and 4?
4
Let w be 11/4 + (-4)/(-16). Let a(g) = -g**3 + 5*g**2 + 3*g + 3. Let d be a(5). Suppose 0 = -5*u + 3*u + d. What is the greatest common divisor of w and u?
3
Suppose 0 = -10*b + 9*b + 148. Let c be -16*(5 - b/8). Calculate the greatest common factor of 27 and c.
27
Suppose 8 = -8*w + 12*w. Suppose 725 = 5*i - 3*j + w*j, j = -5. What is the greatest common divisor of i and 18?
18
Let k(a) = 33*a**2 - 3*a + 7. Let p be k(5). Calculate the highest common divisor of p and 43.
43
Let t(f) = 62*f - 164. Let u be t(10). What is the greatest common divisor of 24 and u?
24
Let x be ((-8)/(-6))/((-4)/(-6)). Suppose -3*d + d + 8 = 0. Suppose d*n - 87 = r - x*r, -2*n = 3*r - 41. What is the highest common divisor of n and 55?
11
Let n(l) = -13*l + 5. Let g be n(-5). Let k be 12/(-1*15/10). Let f be 58/2 + k/8. Calculate the highest common divisor of f and g.
14
Suppose 89 = 4*f - 31. Suppose z - 3*s - 39 = 0, 2*z + 14 = -s + 71. Calculate the highest common divisor of z and f.
30
Let b = -301 - -314. What is the highest common factor of 208 and b?
13
Suppose -4*f + 27 - 3 = 0. What is the greatest common factor of 4 and f?
2
Let q = 583 - 395. What is the highest common divisor of 4 and q?
4
Let m be 40/3*(-12)/(-5). Let v be 80/(-60) + (-32)/(-6). Calculate the highest common factor of v and m.
4
Let i be (-65)/(-15) - (-80)/48. Suppose 0 = -5*f + 91 + 119. Calculate the highest common divisor of i and f.
6
Suppose 5*q + 6 = 8*q. Suppose m - 13 = -q*a + 4*a, -3*a - 6 = 3*m. Suppose -3*h = -5*t + 93, m*h = -h - 4. Calculate the highest common divisor of 45 and t.
9
Let y be ((-294)/18 + -1)/(1/(-3)). Suppose 6*n - y = 50. Calculate the highest common factor of n and 119.
17
Suppose -5*r = 5*y - 185, 7*r - 103 = 4*r + 5*y. Calculate the greatest common factor of 45 and r.
9
Suppose -2*l - 50 = -2*n, -2*n - 5*l - 5 = -3*n. What is the greatest common divisor of 210 and n?
30
Let s(w) = 10*w**2 - 71*w - 279. Let b be s(-4). Calculate the highest common factor of b and 561.
33
Let m = -965 + 973. Suppose 2*t - 6*t = -96. Calculate the greatest common factor of t and m.
8
Let s = -1309 + 1315. What is the greatest common factor of 1434 and s?
6
Let q(f) = -f**3 + 9*f**2 - 9*f + 9. Let g be q(8). Let x be g + 3 + (4 - 6). What is the highest common factor of x and 16?
2
Let d be 21/(-14)*2/(-3). Let p be (-3 + 3)/3 - -2. Suppose 0 = -p*u + 1 + 7. What is the greatest common divisor of u and d?
1
Let j be -4*(-1)/(-16) + 171/12. What is the highest common divisor of j and 203?
7
Let f be 210/12 - 1 - 3/2. Calculate the highest common factor of f and 255.
15
Suppose g + 5*c + 3 = 0, 4*c - 30 = -2*g + 3*c. Suppose j - 1 + 4 = 0, 5*a = 5*j + 1365. Let m = a + -117. Calculate the greatest common divisor of m and g.
17
Suppose -f - 25 = 4*f. Let o = 8 + f. Let x be (4 + o)/((-1)/(-19)). What is the greatest common factor of x and 19?
19
Let c = -2536 - -2590. What is the highest common factor of c and 2403?
27
Suppose 3*f - 551 = -2*r, 0 = 3*r + 5*f - 338 - 487. What is the greatest common divisor of 20 and r?
20
Suppose 0 = y - 3 + 9. Let f(r) = -2*r**3 - 6*r**2 + 2*r**2 - 2*r**3 - 3*r + 3*r**3. Let w be f(y). Calculate the greatest common divisor of w and 10.
10
Let r = -36 + 36. Suppose -4*g - 5*n - 13 = r, -2*g + 2*n = -2*n - 26. What is the greatest common factor of 21 and g?
3
Let o be 5 - -2 - (-6 + 8). Let h be 34/1*o/10. Let z = h - 13. Calculate the greatest common divisor of z and 36.
4
Suppose -7 = -3*w - i - 0, 2*i = w. Let f be (-2 - (w + -3)) + 10. Calculate the highest common divisor of 90 and f.
9
Let p(i) = i**2 - 3*i + 1. Let s be p(4). Suppose s*k = 4*j - 49, 2*j - 8 = 2*k + 14. Suppose j - 58 = -4*n. Calculate the greatest common factor of 13 and n.
13
Let z = -267 - -531. Suppose -n + 159 = 4*u + u, -42 = -2*u - 4*n. Calculate the highest common factor of z and u.
33
Let n be (17 + -16)/(1/2). What is the greatest common factor of n and 4?
2
Let v(p) = 128*p**2 + 2*p - 1. Let n be v(1). Let k = n + -63. Let t be ((-135)/(-25) - 6)/(1/(-10)). Calculate the greatest common divisor of t and k.
6
Let p(k) = k**2 - 8*k. Let g be p(8). Suppose g = y + 7*y - 160. Calculate the greatest common divisor of 8 and y.
4
Let m = -1 - -2. Suppose -5*j - r - 150 = 2*r, 5*r = j + 30. Let d be -2*(3/15 - j/(-25)). Calculate the highest common divisor of m and d.
1
Suppose r = -0*z - 4*z + 3, 0 = 2*z + 2*r - 6. Let y be 16 - (-2 - z)/(-1). Suppose -4*m + 616 = -0*m. What is the greatest common factor of m and y?
14
Let x(b) = b**2 + 5*b + 19. Let m be x(-7). What is the highest common divisor of 55 and m?
11
Suppose -3*o - 3*k + 27 = 0, -3*o + 23 = -24*k + 29*k. Calculate the highest common divisor of 1331 and o.
11
Let n(f) = f**2 + f + 2. Let r be n(-6). Let y = r - 10. Suppose -6 - 8 = -7*i. What is the highest common factor of i and y?
2
Suppose 0 = 12*i - 6*i - 126. Suppose 0 = 3*y - 9, -82 = -3*a + 2*y - 25. Calculate the greatest common divisor of a and i.
21
Suppose 4*k + 3 = 7*k, o - 3*k = 72. What is the greatest common factor of o and 3?
3
Let f be ((-2)/(-5))/(3/255). Let p = -1074 + 1125. Calculate the greatest common divisor of f and p.
17
Let d(o) = o - 4. Let u be d(3). Let b be (4/(-8))/(u/10). Suppose -3*m + 2*m = -b*g - 28, -g = -4*m + 112. Calculate the highest common divisor of 7 and m.
7
Let p be -2 + (5 - 4 - -6). Suppose -5 = -n, -2*o + 3 + 9 = 2*n. What is the greatest common factor of o and p?
1
Let z = 14 - -4. Let j be (4/(-6))/(2/(-51)). Suppose r - 3*g + 5 = -4*r, 4*r - 5*g = -j. Calculate the highest common divisor of r and z.
2
Suppose 3*f = 6 + 9. Suppose 5*j - 2*s = 392, -j = -f*j - 3*s + 332. Calculate the greatest common divisor of 20 and j.
20
Let t be (0*4/4*1)/1. Suppose t = 3*k - 7*k + 544. Suppose 2*b - 16 - 18 = 0. What is the greatest common factor of k and b?
17
Let m be (-27066)/(-65) - (-6)/(-15). What is the highest common divisor of m and 39?
13
Let v = 1 + 3. Let x be 36/(-9) + v + 2. Suppose 0 = -2*n + 6, x*g - 51 + 14 = -5*n. Calculate the greatest common factor of g and 88.
11
Suppose 0 = -4*y + 5*p - 8*p + 147, -3*y + 3*p + 105 = 0. Calculate the greatest common divisor of 300 and y.
12
Let p be (-3 - 1)/(-2)*2. Suppose -r = 2*n + 75, 4*n - 3*r = 5*n + 30. Let u = n - -71. Calculate the highest common divisor of p and u.
4
Let r(w) = -w**3 + 8*w**2 - 8*w - 3. Let s be r(6). Suppose -7*g + 2*g = -2625. Suppose 0 = -2*j + 7*j - g. What is the highest common divisor of s and j?
21
Let g = 322 + -231. Calculate the highest common divisor of g and 364.
91
Let j(a) be the first derivative of a**3/3 - 4*a**2 - 9*a + 3. Let i be j(9). Suppose i - 2 = -x. Calculate the highest common factor of 4 and x.
2
Let x(j) = j**2 -